5
What is the remainder when 197 is divided by 183?
14
What is the remainder when 1700 is divided by 51?
17
What is the remainder when 13907 is divided by 4?
3
Calculate the remainder when 1205 is divided by 13.
9
What is the remainder when 1086 is divided by 34?
32
Calculate the remainder when 106 is divided by 33.
7
What is the remainder when 6413 is divided by 31?
27
Calculate the remainder when 1621 is divided by 125.
121
What is the remainder when 301 is divided by 109?
83
What is the remainder when 29 is divided by 8?
5
What is the remainder when 381 is divided by 16?
13
What is the remainder when 1687 is divided by 57?
34
Calculate the remainder when 578 is divided by 112.
18
What is the remainder when 186 is divided by 45?
6
What is the remainder when 685 is divided by 226?
7
What is the remainder when 573 is divided by 150?
123
What is the remainder when 1138 is divided by 248?
146
What is the remainder when 529 is divided by 13?
9
Calculate the remainder when 765 is divided by 154.
149
What is the remainder when 61 is divided by 10?
1
What is the remainder when 49 is divided by 10?
9
What is the remainder when 2414 is divided by 265?
29
Calculate the remainder when 433 is divided by 56.
41
Calculate the remainder when 4474 is divided by 135.
19
What is the remainder when 3403 is divided by 3403?
0
Calculate the remainder when 4767 is divided by 1584.
15
Calculate the remainder when 241 is divided by 64.
49
Calculate the remainder when 451 is divided by 105.
31
What is the remainder when 116 is divided by 44?
28
Calculate the remainder when 148 is divided by 14.
8
Calculate the remainder when 1309 is divided by 47.
40
Calculate the remainder when 277 is divided by 14.
11
What is the remainder when 277 is divided by 127?
23
What is the remainder when 354 is divided by 50?
4
Calculate the remainder when 304 is divided by 9.
7
Calculate the remainder when 1008 is divided by 20.
8
What is the remainder when 80 is divided by 5?
0
Calculate the remainder when 2296 is divided by 39.
34
Calculate the remainder when 1075 is divided by 40.
35
Calculate the remainder when 32 is divided by 25.
7
What is the remainder when 875 is divided by 34?
25
What is the remainder when 259 is divided by 142?
117
What is the remainder when 848 is divided by 23?
20
What is the remainder when 729 is divided by 22?
3
Calculate the remainder when 52 is divided by 18.
16
Calculate the remainder when 563 is divided by 157.
92
Calculate the remainder when 564 is divided by 286.
278
What is the remainder when 680 is divided by 184?
128
What is the remainder when 259 is divided by 13?
12
Calculate the remainder when 97 is divided by 47.
3
Calculate the remainder when 97 is divided by 20.
17
What is the remainder when 203 is divided by 61?
20
What is the remainder when 5640 is divided by 2815?
10
What is the remainder when 973 is divided by 35?
28
What is the remainder when 52 is divided by 3?
1
Calculate the remainder when 920 is divided by 303.
11
Calculate the remainder when 258 is divided by 230.
28
Calculate the remainder when 4813 is divided by 16.
13
What is the remainder when 932 is divided by 217?
64
Calculate the remainder when 210 is divided by 28.
14
Calculate the remainder when 53 is divided by 19.
15
Calculate the remainder when 75 is divided by 69.
6
What is the remainder when 485 is divided by 26?
17
Calculate the remainder when 65 is divided by 51.
14
What is the remainder when 5541 is divided by 20?
1
Calculate the remainder when 69 is divided by 22.
3
What is the remainder when 86 is divided by 28?
2
Calculate the remainder when 880 is divided by 58.
10
Calculate the remainder when 1146 is divided by 37.
36
Calculate the remainder when 957 is divided by 40.
37
Calculate the remainder when 10766 is divided by 63.
56
What is the remainder when 444 is divided by 163?
118
What is the remainder when 12 is divided by 8?
4
Calculate the remainder when 1596 is divided by 10.
6
What is the remainder when 406 is divided by 20?
6
Calculate the remainder when 223 is divided by 76.
71
What is the remainder when 92 is divided by 46?
0
What is the remainder when 94 is divided by 57?
37
Calculate the remainder when 410 is divided by 59.
56
What is the remainder when 224 is divided by 115?
109
Calculate the remainder when 714 is divided by 65.
64
What is the remainder when 408 is divided by 136?
0
Calculate the remainder when 8456 is divided by 9.
5
Calculate the remainder when 159 is divided by 41.
36
Calculate the remainder when 1416 is divided by 30.
6
What is the remainder when 12585 is divided by 10?
5
What is the remainder when 6648 is divided by 37?
25
What is the remainder when 269 is divided by 147?
122
What is the remainder when 952 is divided by 462?
28
Calculate the remainder when 2117 is divided by 528.
5
What is the remainder when 237 is divided by 12?
9
Calculate the remainder when 96 is divided by 3.
0
Calculate the remainder when 33429 is divided by 8.
5
What is the remainder when 1103 is divided by 518?
67
Calculate the remainder when 2835 is divided by 33.
30
What is the remainder when 1073 is divided by 8?
1
Calculate the remainder when 464 is divided by 94.
88
What is the remainder when 864 is divided by 134?
60
Calculate the remainder when 276 is divided by 47.
41
Calculate the remainder when 879 is divided by 40.
39
Calculate the remainder when 38 is divided by 8.
6
What is the remainder when 160 is divided by 27?
25
What is the remainder when 1404 is divided by 158?
140
Calculate the remainder when 797 is divided by 41.
18
What is the remainder when 512 is divided by 105?
92
Calculate the remainder when 123 is divided by 12.
3
What is the remainder when 490 is divided by 83?
75
What is the remainder when 424 is divided by 62?
52
What is the remainder when 669 is divided by 25?
19
What is the remainder when 612 is divided by 207?
198
Calculate the remainder when 704 is divided by 7.
4
What is the remainder when 487 is divided by 42?
25
What is the remainder when 2020 is divided by 8?
4
What is the remainder when 1509 is divided by 19?
8
What is the remainder when 247 is divided by 31?
30
What is the remainder when 373 is divided by 144?
85
What is the remainder when 71 is divided by 13?
6
What is the remainder when 345 is divided by 14?
9
What is the remainder when 41 is divided by 25?
16
Calculate the remainder when 573 is divided by 12.
9
What is the remainder when 61334 is divided by 34?
32
What is the remainder when 7047 is divided by 150?
147
What is the remainder when 11563 is divided by 8?
3
What is the remainder when 2638 is divided by 91?
90
Calculate the remainder when 191 is divided by 25.
16
Calculate the remainder when 140 is divided by 36.
32
Calculate the remainder when 10 is divided by 4.
2
Calculate the remainder when 656 is divided by 23.
12
Calculate the remainder when 346 is divided by 110.
16
Calculate the remainder when 148 is divided by 30.
28
What is the remainder when 20347 is divided by 22?
19
Calculate the remainder when 758 is divided by 20.
18
What is the remainder when 479 is divided by 37?
35
What is the remainder when 309 is divided by 15?
9
What is the remainder when 207 is divided by 118?
89
Calculate the remainder when 2573 is divided by 11.
10
Calculate the remainder when 38 is divided by 7.
3
Calculate the remainder when 314 is divided by 171.
143
What is the remainder when 2844 is divided by 20?
4
What is the remainder when 35879 is divided by 92?
91
Calculate the remainder when 323 is divided by 140.
43
What is the remainder when 102 is divided by 15?
12
Calculate the remainder when 67 is divided by 17.
16
What is the remainder when 3458 is divided by 860?
18
Calculate the remainder when 1550 is divided by 14.
10
What is the remainder when 526 is divided by 11?
9
What is the remainder when 65 is divided by 18?
11
What is the remainder when 77 is divided by 22?
11
Calculate the remainder when 570 is divided by 50.
20
What is the remainder when 1331 is divided by 665?
1
Calculate the remainder when 253 is divided by 58.
21
What is the remainder when 304 is divided by 162?
142
Calculate the remainder when 1800 is divided by 152.
128
What is the remainder when 47 is divided by 9?
2
Calculate the remainder 